1
What is the hundreds digit of 3429697641?
6
What is the tens digit of 36962326?
2
What is the tens digit of 6231659?
5
What is the thousands digit of 166880012?
0
What is the ten thousands digit of 5401396601?
9
What is the hundred millions digit of 221428171?
2
What is the ten millions digit of 293436344?
9
What is the thousands digit of 165433762?
3
What is the billions digit of 3961682752?
3
What is the thousands digit of 69044000?
4
What is the millions digit of 93877894?
3
What is the tens digit of 241376286?
8
What is the hundred thousands digit of 1809635673?
6
What is the hundred millions digit of 327074408?
3
What is the units digit of 69805486?
6
What is the ten millions digit of 3503628475?
0
What is the ten thousands digit of 7244128?
4
What is the ten millions digit of 777395465?
7
What is the hundreds digit of 48873752?
7
What is the thousands digit of 1351209763?
9
What is the units digit of 1775895025?
5
What is the units digit of 984410159?
9
What is the thousands digit of 291310361?
0
What is the millions digit of 65345830?
5
What is the thousands digit of 362348867?
8
What is the tens digit of 419828709?
0
What is the hundreds digit of 103196326?
3
What is the tens digit of 16825364?
6
What is the ten thousands digit of 535260589?
6
What is the units digit of 97668302?
2
What is the hundreds digit of 2974630?
6
What is the millions digit of 67313727?
7
What is the ten thousands digit of 15107321?
0
What is the millions digit of 2332858535?
2
What is the hundreds digit of 478930662?
6
What is the ten millions digit of 2392308360?
9
What is the ten millions digit of 1345710382?
4
What is the units digit of 22037343?
3
What is the units digit of 123224047?
7
What is the hundred thousands digit of 3258502276?
5
What is the tens digit of 69246704?
0
What is the millions digit of 24733685?
4
What is the hundred thousands digit of 165866046?
8
What is the ten thousands digit of 10550473?
5
What is the ten thousands digit of 142942335?
4
What is the units digit of 825187162?
2
What is the tens digit of 15919992?
9
What is the units digit of 426144171?
1
What is the ten millions digit of 4388309202?
8
What is the ten millions digit of 156282004?
5
What is the ten millions digit of 233219056?
3
What is the hundreds digit of 81536087?
0
What is the ten thousands digit of 3891556218?
5
What is the units digit of 25869059?
9
What is the tens digit of 62156812?
1
What is the units digit of 1530025?
5
What is the millions digit of 1042809921?
2
What is the hundreds digit of 313013279?
2
What is the tens digit of 7168645325?
2
What is the thousands digit of 6128776?
8
What is the ten millions digit of 2430957278?
3
What is the units digit of 31404960?
0
What is the hundred thousands digit of 1068696821?
6
What is the hundreds digit of 205170983?
9
What is the ten thousands digit of 17260849?
6
What is the ten thousands digit of 35332600?
3
What is the ten millions digit of 52428744?
5
What is the hundred millions digit of 352601642?
3
What is the ten millions digit of 77062759?
7
What is the tens digit of 69026124?
2
What is the thousands digit of 971192903?
2
What is the tens digit of 1648850907?
0
What is the hundred thousands digit of 10542599?
5
What is the thousands digit of 2611782441?
2
What is the ten millions digit of 71253063?
7
What is the hundred millions digit of 1917357619?
9
What is the hundreds digit of 50651893?
8
What is the millions digit of 551987511?
1
What is the tens digit of 121163050?
5
What is the hundred thousands digit of 2560171093?
1
What is the hundreds digit of 53763166?
1
What is the units digit of 412454959?
9
What is the thousands digit of 43188430?
8
What is the hundred millions digit of 4963244606?
9
What is the hundred thousands digit of 3367949?
3
What is the units digit of 1294272639?
9
What is the units digit of 331517476?
6
What is the units digit of 255752878?
8
What is the hundreds digit of 170280237?
2
What is the hundred thousands digit of 10539408?
5
What is the hundreds digit of 2179548800?
8
What is the tens digit of 1832774201?
0
What is the hundred thousands digit of 1713500446?
5
What is the units digit of 385239406?
6
What is the thousands digit of 222050761?
0
What is the ten thousands digit of 1460375259?
7
What is the hundred thousands digit of 70246247?
2
What is the millions digit of 59063140?
9
What is the ten millions digit of 21552222?
2
What is the thousands digit of 2708795303?
5
What is the ten millions digit of 323795537?
2
What is the ten millions digit of 1852020286?
5
What is the hundred millions digit of 278993242?
2
What is the hundreds digit of 69264971?
9
What is the hundred millions digit of 1074623236?
0
What is the thousands digit of 29767651?
7
What is the tens digit of 422965268?
6
What is the ten thousands digit of 617595209?
9
What is the units digit of 63822132?
2
What is the tens digit of 169484940?
4
What is the millions digit of 1181277211?
1
What is the hundred thousands digit of 962262841?
2
What is the units digit of 96302871?
1
What is the ten millions digit of 216383865?
1
What is the tens digit of 10997280?
8
What is the units digit of 539461428?
8
What is the units digit of 234384666?
6
What is the ten thousands digit of 59159175?
5
What is the ten thousands digit of 13810556?
1
What is the ten thousands digit of 67830929?
3
What is the hundreds digit of 74648583?
5
What is the thousands digit of 3643992?
3
What is the thousands digit of 320524113?
4
What is the ten millions digit of 1635069852?
3
What is the tens digit of 201773669?
6
What is the hundreds digit of 996164?
1
What is the billions digit of 5112548429?
5
What is the thousands digit of 211000077?
0
What is the units digit of 169955483?
3
What is the hundreds digit of 64656517?
5
What is the hundreds digit of 48765605?
6
What is the hundred thousands digit of 8674469807?
4
What is the units digit of 151345862?
2
What is the tens digit of 1614638619?
1
What is the hundred thousands digit of 169896594?
8
What is the ten thousands digit of 966584954?
8
What is the units digit of 21282549?
9
What is the thousands digit of 63777939?
7
What is the hundreds digit of 110604713?
7
What is the hundred thousands digit of 245920711?
9
What is the ten millions digit of 1140671812?
4
What is the ten thousands digit of 41309462?
0
What is the thousands digit of 19341011?
1
What is the tens digit of 42474969?
6
What is the units digit of 3559900416?
6
What is the units digit of 19079667?
7
What is the ten millions digit of 1239558605?
3
What is the hundreds digit of 331599196?
1
What is the hundreds digit of 71167965?
9
What is the hundred millions digit of 139192834?
1
What is the millions digit of 657121920?
7
What is the hundreds digit of 173741513?
5
What is the millions digit of 5702489450?
2
What is the units digit of 27559937?
7
What is the millions digit of 36573566?
6
What is the millions digit of 1531058941?
1
What is the hundreds digit of 343894808?
8
What is the hundred thousands digit of 47019236?
0
What is the ten thousands digit of 2271508615?
0
What is the millions digit of 3631570256?
1
What is the millions digit of 951754348?
1
What is the thousands digit of 15719247?
9
What is the tens digit of 147705282?
8
What is the ten thousands digit of 23211392?
1
What is the hundred millions digit of 3087248229?
0
What is the hundreds digit of 3832431609?
6
What is the ten millions digit of 2576227416?
7
What is the ten thousands digit of 328291?
2
What is the units digit of 13192889?
9
What is the thousands digit of 39397190?
7
What is the ten thousands digit of 18451710?
5
What is the tens digit of 929048608?
0
What is the ten thousands digit of 86934359?
3
What is the millions digit of 523383263?
3
What is the thousands digit of 357244074?
4
What is the ten thousands digit of 322768197?
6
What is the thousands digit of 398757950?
7
What is the millions digit of 53791833?
3
What is the tens digit of 151119083?
8
What is the hundreds digit of 5810883?
8
What is the ten thousands digit of 68398289?
9
What is the millions digit of 42249812?
2
What is the tens digit of 58932584?
8
What is the hundreds digit of 23586840?
8
What is the hundreds digit of 713416704?
7
What is the units digit of 2